(-5)?
151
Let k(i) = -6*i + 1593. What is k(-148)?
2481
Let o(a) = -2*a**3 - 474*a**2 + 1946*a + 4332. What is o(-241)?
-6
Let l(y) = -8*y**3 + 1053*y**2 + 398*y - 208. Give l(132).
56
Let n(l) = 20438*l + 3903654. What is n(-191)?
-4
Let k(p) = 15*p**3 + 19*p**2 - 52*p + 95. Give k(2).
187
Let b(a) = -25204*a + 2974071. Give b(118).
-1
Let n(d) = d**3 - 25*d**2 + 188*d - 153. Give n(11).
221
Let w(y) = 50*y**2 - 1125*y - 117. Give w(24).
1683
Let a(g) = 4*g**2 - 587*g - 4061. What is a(153)?
-236
Let g(d) = 258077*d + 1806596. Determine g(-7).
57
Let l(s) = 15260*s + 305470. What is l(-20)?
270
Let p(m) = 9*m**3 - 323*m**2 - 19*m - 158. Calculate p(36).
454
Let g(t) = 4*t**2 - 2103*t + 20620. What is g(10)?
-10
Let l(i) = -3042*i**2 - 2445760*i + 6428. Give l(-804).
-4
Let g(m) = -774*m + 4199. What is g(6)?
-445
Let i(u) = 14*u**3 + 155*u**2 + 31*u + 26. Calculate i(-11).
-194
Let z(p) = -635*p + 3924. What is z(-1)?
4559
Let z(j) = -j**2 + 41*j - 1560. Determine z(24).
-1152
Let a(p) = -51664*p - 360996. Determine a(-7).
652
Let x(h) = -714*h - 6772. What is x(-8)?
-1060
Let w(a) = -23*a**3 + 11*a**2 + 22*a - 20. Calculate w(-2).
164
Let y(q) = 2*q**3 + 3898*q**2 + 1653596*q - 5296. Determine y(-1325).
4
Let x(m) = 36*m**2 + 976*m + 114. Calculate x(-27).
6
Let c(o) = 3*o**3 + 17*o**2 - 137*o - 843. Give c(-7).
-80
Let l(y) = -13*y**2 - 3671*y + 11030. Give l(3).
-100
Let b(r) = r**3 + 36*r**2 - 21867*r + 1661. Give b(-167).
-9
Let w(j) = 198*j - 1206. Give w(7).
180
Let x(l) = -258*l - 24795. What is x(-96)?
-27
Let s(p) = -p**3 + 2*p**2 - 18*p - 379. Give s(-6).
17
Let h(w) = 23*w**2 + 58*w + 33. Give h(-2).
9
Let l(m) = -7*m**3 + 599*m**2 + 868*m + 169. Determine l(87).
-5
Let f(i) = -i**2 - 169*i + 1764. Give f(12).
-408
Let m(a) = 7*a**2 - 14900*a - 29810. Determine m(-2).
18
Let p(h) = 180*h - 70012. What is p(389)?
8
Let w(o) = 2*o**2 - 1866*o - 15. Determine w(0).
-15
Let s(x) = -4*x**3 - 382*x**2 - 5698*x - 79. Determine s(-77).
-79
Let t(o) = 99*o**2 - 492*o + 10. What is t(5)?
25
Let h(l) = -5*l**2 + 369*l - 295. What is h(68)?
1677
Let a(x) = 11*x**2 + 1512*x - 1517. What is a(1)?
6
Let t(f) = f**2 + 2348*f + 248296. Give t(-111).
-11
Let p(j) = 75*j**2 - 2034*j - 9012. Calculate p(31).
9
Let r(z) = 109*z - 14919. Give r(180).
4701
Let r(i) = -233*i + 13938. Determine r(55).
1123
Let z(d) = d**3 - 24*d**2 - 46*d - 1199. What is z(26)?
-1043
Let q(c) = -14*c + 1840. Determine q(-40).
2400
Let q(d) = 3040502*d + 21283515. Give q(-7).
1
Let g(p) = -p**2 + 2393*p + 267479. Determine g(-107).
-21
Let b(h) = h**3 - 508*h**2 - 1527*h - 3057. Give b(511).
9
Let c(s) = -250*s**3 - 3*s**2 - 106*s - 202. Determine c(-2).
1998
Let x(q) = -q**2 - 49192*q - 1130886. Calculate x(-23).
1
Let v(h) = 71*h**2 - 97462*h - 126401. What is v(1374)?
7
Let n(a) = -407*a + 101609. What is n(250)?
-141
Let s(r) = -7*r**2 + 20587*r + 2884357. What is s(3075)?
7
Let z(w) = -3*w**3 - 983*w**2 - 14035*w + 533. Give z(-15).
8
Let t(r) = -4*r**2 - 232*r - 2246. What is t(-9)?
-482
Let c(f) = -f**3 - 33*f**2 + 183*f - 44. What is c(5)?
-79
Let z(r) = -7354*r - 58781. What is z(-8)?
51
Let a(i) = 5*i**2 + 3472*i + 20783. Give a(-6).
131
Let i(y) = 7*y**3 + 12*y**2 + 65*y + 130. Determine i(-4).
-386
Let s(p) = -6*p**2 + 123*p - 1038. What is s(13)?
-453
Let d(t) = -309*t**2 - 3082*t - 160. Determine d(-10).
-240
Let j(l) = -34*l**3 + 16*l**2 - 19*l - 21. What is j(4)?
-2017
Let t(l) = 8*l**2 - 236*l + 563. Determine t(27).
23
Let g(s) = 2*s**2 - 695*s + 1061. What is g(346)?
23
Let v(d) = 131*d**2 - 52929*d + 2036. Give v(404).
16
Let l(m) = -22*m + 1789. What is l(88)?
-147
Let o(g) = -g**3 + 106*g**2 + 475*g - 3851. Determine o(110).
-1
Let p(u) = 4*u**3 - 19*u**2 - 204*u + 36. Calculate p(10).
96
Let y(h) = -h**3 + 24*h**2 - 130*h - 132. Calculate y(14).
8
Let j(d) = 12*d**2 + 247*d + 882. Determine j(-22).
1256
Let i(s) = -19*s**3 - 61*s**2 - 8*s - 77. Give i(-5).
813
Let r(q) = -18*q**2 - 29*q + 66. Calculate r(4).
-338
Let v(b) = -3*b**3 + 71*b**2 + 499*b - 11399. What is v(24)?
1
Let b(p) = p**2 + 1202*p - 8472. Calculate b(7).
-9
Let k(q) = 13*q**2 - 1063*q - 7241. Determine k(88).
-113
Let p(o) = -8670*o + 64. Give p(0).
64
Let l(a) = -5*a**3 + 88*a**2 + 112*a - 45. Give l(19).
-444
Let k(y) = 422*y + 601. Determine k(-2).
-243
Let t(g) = 857*g - 395288. Calculate t(461).
-211
Let a(r) = 435*r**2 - 30001*r - 975. What is a(69)?
-9
Let u(x) = 498*x - 4831. What is u(6)?
-1843
Let i(o) = -10*o**2 - 252*o + 163823. Determine i(116).
31
Let n(a) = -15*a - 322. Calculate n(7).
-427
Let p(h) = h**2 - 900*h - 19656. What is p(-22)?
628
Let i(t) = -2*t**2 + 2282132*t + 15975025. What is i(-7)?
3
Let j(l) = 4*l**3 + 178*l**2 + 74*l - 11. Give j(-44).
605
Let o(p) = 228*p + 87137. What is o(-382)?
41
Let g(q) = 102314*q - 36. Give g(0).
-36
Let y(l) = -l**3 + 32*l**2 + 486*l - 11492. Calculate y(24).
4780
Let w(u) = 4579*u + 91689. Calculate w(-20).
109
Let m(p) = 190*p**2 - 5701*p + 64. Determine m(30).
34
Let n(b) = -23*b**3 - 30*b**2 - 33*b - 5. Give n(-1).
21
Let n(a) = a**3 - 66*a**2 + 832*a + 58. Give n(49).
9
Let k(z) = 9093711*z - 27281134. What is k(3)?
-1
Let f(z) = -z**2 - 59*z + 2660. Determine f(-90).
-130
Let n(k) = -k**3 + 100*k**2 + 296*k + 1834. Give n(103).
495
Let i(d) = -d**3 + 8*d**2 - 577*d - 1194. What is i(-2)?
0
Let j(d) = 390*d - 6418. What is j(19)?
992
Let c(f) = f**2 - 1408877*f + 14088678. Determine c(10).
8
Let w(t) = -2*t**2 - 3731*t - 51852. What is w(-14)?
-10
Let j(y) = -2*y**3 - 52*y**2 + 1574*y - 437. Give j(-44).
3
Let y(v) = 21*v**3 - 8*v**2 + 31*v - 59. Calculate y(2).
139
Let r(s) = 83*s**2 + 390*s - 18. Calculate r(-6).
630
Let y(x) = x**3 - 19*x**2 - 152*x + 1883. Give y(21).
-427
Let j(y) = 5*y**3 + 245*y**2 - 508*y + 117. Give j(-51).
15
Let z(p) = -49*p**2 + 183*p + 32. What is z(4)?
-20
Let p(h) = h**3 + 129*h**2 + 933*h + 1740. Determine p(-4).
8
Let j(y) = -10742*y - 8357270. What is j(-778)?
6
Let c(u) = -u**2 - 3058*u - 54764. Determine c(-18).
-44
Let r(w) = 11104*w + 821517. Determine r(-74).
-179
Let z(r) = -445*r**2 + 28034*r + 60. What is z(63)?
-3
Let q(m) = 620*m + 139504. Give q(-225).
4
Let z(f) = -77*f**2 + 14246*f - 74. Calculate z(185).
111
Let y(p) = 2*p**2 - 505*p + 2772. What is y(247)?
55
Let s(y) = -162202*y + 4217261. Give s(26).
9
Let x(g) = -7*g**2 - 329*g + 11918. Give x(-71).
-10
Let q(x) = 2*x**3 + 313*x**2 + 2791*x - 454. Determine q(-147).
-160
Let g(s) = 107*s - 1780. Calculate g(22).
574
Let w(r) = 135*r**2 + 5932*r - 348. Calculate w(-44).
4
Let j(h) = -h**3 - 6*h**2 + 39*h + 278. Give j(-6).
44
Let l(a) = a**3 + 106*a**2 + 329*a + 689. Calculate l(-103).
-1371
Let g(d) = -2*d**2 - d + 387. Give g(34).
-1959
Let v(h) = 2*h**2 + 239*h - 4311. What is v(17)?
330
Let o(l) = l**3 - 11*l**2 - 68*l + 1019. What is o(10)?
239
Let v(o) = 19*o - 1976. Determine v(74).
-570
Let t(v) = 1163*v + 88191. What is t(-76)?
-197
Let o(n) = -n**3 + 7*n**2 + 204*n - 1213. Calculate o(13).
425
Let l(g) = -404*g - 8851. Calculate l(-26).
1653
Let s(w) = 3*w**3 - 16*w**2 + 18982*w - 56886. What is s(3)?
-3
Let h(l) = -4*l**3 - 111*l**2 + 153*l + 3550. Calculate h(-28).
50
Let k(v) = 2615*v**2 - 10493*v + 133. Determine k(4).
1
Let q(f) = 2*f**3 - 16*f**2 + 48*f - 129. Calculate q(11).
1125
Let u(r) = 35*r**3 - 4*r**2 - 214*r + 859. Give u(4).
2179
Let u(f) = 30563*f + 11216619. Give u(-367).
-2
Let g(u) = 9*u**2 + 2272*u + 44591. What is g(-231)?
8
Let f(x) = -2*x**3 + 93*x**2 + 3025*x - 140785. Determine f(39).
5
Let q(l) = 2*l**3 - 96*l**2 + 101*l - 83. What is q(47)?
246
Let m(r) = -18*r**2 + 113*r + 50. Calculate m(8).
-198
Let v(x) = -242228*x - 968944. What is v(-4)?
-32
Let b(o) = 9*o**2 + 2315*o - 94348. Give b(-293).
-2
Let h(c) = 996*c - 44849. Determine h(45).
-29
Let w(u) = -u**3 + 467*u**2 + 45*u - 63. Give w(0).
-63
Let u(s) = s**3 + 891*s**2 - 54037*s - 954. Determine u(-948).
-6
Let c(h) = h**3 + 274*h**2 + 15184*h + 2952. Determine c(-197).
-3
Let i(m) = -288*m - 497. Calculate i(-1).
-209
Let q(w) = w**2 - 12543*w + 62715. Determine q(5).
25
Let o(g) = 7560*g + 3031569. Calculate o(-401).
9
Let z(l) = -4*l**2 - 47*l + 736. What is z(8)?
104
Let x(o) = 228757*o + 59. Calculate x(0).
59
